{"id":203,"date":"2023-04-10T23:58:11","date_gmt":"2023-04-10T23:58:11","guid":{"rendered":"https:\/\/mariapien.com.ar\/?page_id=203"},"modified":"2024-03-19T05:24:28","modified_gmt":"2024-03-19T05:24:28","slug":"bio","status":"publish","type":"page","link":"https:\/\/mariapien.com.ar\/index.php\/bio\/","title":{"rendered":"Bio"},"content":{"rendered":"<p>[et_pb_section fb_built=&#8221;1&#8243; _builder_version=&#8221;4.18.0&#8243; _module_preset=&#8221;default&#8221; background_color=&#8221;#f7f7f7&#8243; da_disable_devices=&#8221;off|off|off&#8221; global_colors_info=&#8221;{}&#8221; da_is_popup=&#8221;off&#8221; da_exit_intent=&#8221;off&#8221; da_has_close=&#8221;on&#8221; da_alt_close=&#8221;off&#8221; da_dark_close=&#8221;off&#8221; da_not_modal=&#8221;on&#8221; da_is_singular=&#8221;off&#8221; da_with_loader=&#8221;off&#8221; da_has_shadow=&#8221;on&#8221;][et_pb_row _builder_version=&#8221;4.18.0&#8243; _module_preset=&#8221;default&#8221; background_image=&#8221;https:\/\/mariapien.com.ar\/wp-content\/uploads\/2023\/04\/bg_bio-scaled.jpg&#8221; width=&#8221;90%&#8221; max_width=&#8221;2560px&#8221; custom_margin_tablet=&#8221;&#8221; custom_margin_phone=&#8221;&#8221; custom_margin_last_edited=&#8221;on|phone&#8221; custom_padding=&#8221;0px|0px|0px|0px|false|false&#8221; global_colors_info=&#8221;{}&#8221;][et_pb_column type=&#8221;4_4&#8243; _builder_version=&#8221;4.18.0&#8243; _module_preset=&#8221;default&#8221; global_colors_info=&#8221;{}&#8221;][et_pb_text _builder_version=&#8221;4.18.0&#8243; _module_preset=&#8221;default&#8221; text_font=&#8221;EB Garamond||||||||&#8221; text_text_color=&#8221;#FFFFFF&#8221; custom_padding=&#8221;70px|100px|70px|100px|false|false&#8221; custom_padding_tablet=&#8221;70px|100px|70px|100px|false|false&#8221; custom_padding_phone=&#8221;20px|20px|20px|20px|false|false&#8221; custom_padding_last_edited=&#8221;on|phone&#8221; global_colors_info=&#8221;{}&#8221;]<\/p>\n<p><span><strong style=\"font-size: 18px;\">Intro<\/strong><\/span><\/p>\n<p><span style=\"font-weight: 400;\">Nac\u00ed en la ciudad de Buenos Aires el viernes 24 de enero de 1986, un d\u00eda de paro general en el que, dada la ausencia del personal en el sanatorio Otamendi, mi mam\u00e1 y mi pap\u00e1 cenaron helado de chocolate amargo, frutilla al agua y sambay\u00f3n.\u00a0<\/span><\/p>\n<p><span style=\"font-weight: 400;\">Desde que aprend\u00ed a hablar cuento historias, para no olvidarme las cosas me ense\u00f1aron que pod\u00eda cantarlas, y a los 10 a\u00f1os empec\u00e9 a hacerlo con ayuda de la guitarra. Esos datos me hacen dar cuenta de que llevo la mayor parte de mi vida en una investigaci\u00f3n -que empez\u00f3 como un juego m\u00e1s intuitivo que consciente- acerca de las posibilidades de la canci\u00f3n: a trav\u00e9s de la composici\u00f3n (sola y colaborando con otres), la escritura, la interpretaci\u00f3n con la voz\/ la guitarra\/ el cuerpo, como tallerista y luego facilitadora de talleres para otras personas, y m\u00e1s tarde a trav\u00e9s de la producci\u00f3n musical.<\/span><\/p>\n<p><span style=\"font-weight: 400;\">Di mis primeros pasos en el conservatorio Thibaud-Piazzini, a pocas cuadras de mi casa de infancia en el barrio de Almagro. Corr\u00eda 1996 y yo cursaba el 4to grado en el colegio Lenguas Vivas. Sobreviv\u00ed a la escuela primaria metida en la biblioteca y tocando la guitarra en el recreo, y asist\u00ed al conservatorio con fervor hasta el a\u00f1o 2000, en el que cambi\u00e9 por primera vez la criolla por la el\u00e9ctrica. En 4to a\u00f1o, pero ya del secundario, fuertemente influenciada por The Donnas, Hole y Bikini Kill, form\u00e9 junto a dos amigas mi primera banda, Barbarellas, activa entre 2002 y 2003.\u00a0<\/span><\/p>\n<p><span style=\"font-weight: 400;\">En 2004, unos meses antes de abandonar el profesorado de franc\u00e9s, comenc\u00e9 a estudiar canto l\u00edrico con Teresa Musacchio, quien me contagi\u00f3 su amor por la \u00f3pera present\u00e1ndome un mundo que yo desconoc\u00eda. Incentivada por Tere, en 2005 ingres\u00e9 al conservatorio Manuel de Falla para formarme en esa especialidad. Ese a\u00f1o tambi\u00e9n comenc\u00e9 junto a dos amigos la banda beatlera Pasajeros, con la que tocamos bastante y grabamos nuestros primeros demos. Por esa \u00e9poca adopt\u00e9 mi apellido materno para nombrarme y empec\u00e9 a componer con regularidad, cosa que, seg\u00fan me dec\u00edan en el conservatorio, entraba en conflicto con la colocaci\u00f3n de la voz l\u00edrica\u2026 asunto que termin\u00f3 por inclinar la balanza en favor de las canciones.\u00a0<\/span><\/p>\n<p><span style=\"font-weight: 400;\">Entre 2007 y 2008, viv\u00ed un a\u00f1o lectivo becada en Bowdoin College (Maine, EEUU), donde trabaj\u00e9 como ayudante de c\u00e1tedra en lengua espa\u00f1ola y tom\u00e9 clases de m\u00fasica, composici\u00f3n y poes\u00eda. Durante ese tiempo lejos, compuse una gran cantidad de canciones y encontr\u00e9 en ellas una de mis voces, lo que me incentiv\u00f3 a volver a Buenos Aires, dejar atr\u00e1s la banda y empezar mi camino sola.<\/span><\/p>\n<div class=\"et_pb_module et_pb_text et_pb_text_3  et_pb_text_align_left et_pb_bg_layout_light\">\n<div class=\"et_pb_text_inner\">\n<p><strong style=\"font-size: 18px;\"><\/strong><\/p>\n<p><strong style=\"font-size: 18px;\">Primeros discos: \u201cLa Vuelta Manzana\u201d y \u201cMalinalli\u201d<\/strong><\/p>\n<p><span style=\"font-weight: 400;\">A fines de 2008 y m\u00e1s intensamente en 2009, comenc\u00e9 a trabajar en las canciones que formar\u00edan parte de \u201cLa Vuelta Manzana\u201d (2012), mi primer disco, producido, grabado y mezclado por Diego Rol\u00f3n, quien fuera mi maestro de guitarra. Es uno de los primeros del cat\u00e1logo del entonces colectivo -luego devenido en sello- Elefante en la Habitaci\u00f3n (EH!), proyecto que co-fund\u00e9 en 2011 junto a Lautaro Feldman, Nahuel Carfi, David Chorne, Rodrigo Ruiz D\u00edaz (aka Rudo) y Nahuel Briones. Para presentarlo, form\u00e9 una banda con Alejandra Moro en bater\u00eda, N. Briones en guitarra y L. Feldman en bajo, con quienes toqu\u00e9 un mont\u00f3n entre 2012 y 2013.\u00a0<\/span><\/p>\n<p><strong><a style=\"color: #ffffff; text-decoration: underline;\" href=\"https:\/\/www.pagina12.com.ar\/diario\/suplementos\/las12\/13-7695-2012-12-07.html\" target=\"_blank\" rel=\"noopener\">Entrevista en P\u00e1gina12<\/a><\/strong><strong>\u00a0| <a style=\"color: #ffffff; text-decoration: underline;\" href=\"https:\/\/www.clarin.com\/home\/buenos-aires-verde-templado_0_S1oDce2vQe.html\" target=\"_blank\" rel=\"noopener\">Rese\u00f1a en Clar\u00edn<\/a><\/strong><strong>\u00a0| <a style=\"color: #ffffff; text-decoration: underline;\" href=\"https:\/\/otracancion.com.ar\/?p=1147%20\" target=\"_blank\" rel=\"noopener\">Rese\u00f1a en Otra Canci\u00f3n<\/a> \u00a0<\/strong><\/p>\n<p><span style=\"font-weight: 400;\">2014 fue el a\u00f1o de \u201cMalinalli\u201d, producido junto a L. Feldman, grabado por Panchi Stuart y mezclado por Manza Esa\u00edn. Tres canciones de ese disco,<\/span><i><span style=\"font-weight: 400;\"> Sol de septiembre<\/span><\/i><span style=\"font-weight: 400;\">, <\/span><i><span style=\"font-weight: 400;\">Madera y mano,<\/span><\/i><span style=\"font-weight: 400;\"> y <\/span><i><span style=\"font-weight: 400;\">Malinalli<\/span><\/i><span style=\"font-weight: 400;\">, me trajeron el premio-beca Iberm\u00fasicas de composici\u00f3n de canci\u00f3n popular a finales de ese a\u00f1o, que se sinti\u00f3 algo as\u00ed como recibirme de compositora. El aprendizaje antes, durante y despu\u00e9s de este disco fue inmenso: en esa \u00e9poca toqu\u00e9 much\u00edsimo, hice giras sola y con amigas colegas como Mariana P\u00e4raway y Caro Pacheco, fui bienalista -ya en 2015- y gan\u00e9 otro certamen de canci\u00f3n, el Abril para Vivir, en Granada, Espa\u00f1a. El mayor mimo de ese a\u00f1o fue que Luis Pescetti y Juan Quintero eligieran <\/span><i><span style=\"font-weight: 400;\">Sol de septiembre<\/span><\/i><span style=\"font-weight: 400;\"> para que formara parte del repertorio de sus <\/span><i><span style=\"font-weight: 400;\">Nuevas Cartas al Rey de la Cabina<\/span><\/i><span style=\"font-weight: 400;\">.\u00a0<\/span><\/p>\n<p><strong>\u00a0<a style=\"color: #ffffff; text-decoration: underline;\" href=\"https:\/\/youtu.be\/Ogwo_QJzBWM\" target=\"_blank\" rel=\"noopener\">Video Oficial &#8220;Sol de Septiembre&#8221;<\/a><\/strong><strong>\u00a0| <a style=\"color: #ffffff; text-decoration: underline;\" href=\"https:\/\/youtu.be\/57zhcqvR_wQ\" target=\"_blank\" rel=\"noopener\">Camino Canci\u00f3n &#8211; Sesi\u00f3n en vivo<\/a><\/strong><strong>\u00a0| <a style=\"color: #ffffff; text-decoration: underline;\" href=\"https:\/\/youtu.be\/r9IQNrkK9OM\" target=\"_blank\" rel=\"noopener\">&#8220;Sol de Septiembre&#8221; con Juan Quintero<\/a><\/strong><strong>\u00a0| <a style=\"color: #ffffff; text-decoration: underline;\" href=\"https:\/\/www.pagina12.com.ar\/diario\/suplementos\/las12\/13-9546-2015-03-06.html\" target=\"_blank\" rel=\"noopener\">Entrevista en P\u00e1gina12<\/a><\/strong><strong>\u00a0| <a style=\"color: #ffffff; text-decoration: underline;\" href=\"https:\/\/marcha.org.ar\/malinalli-la-fusion-de-sonidos-y-el-espiritu-porteno\/%20\" target=\"_blank\" rel=\"noopener\">Rese\u00f1a en marcha.org.ar<\/a><\/strong><\/p>\n<p><span style=\"font-weight: 400;\">El 10 de diciembre de 2015, mi pap\u00e1 qued\u00f3 internado en el hospital San Camilo. Falleci\u00f3 all\u00ed mismo el 21 de enero de 2016.\u00a0<\/span><\/p>\n<p><strong style=\"font-size: 18px;\">\u201cTres Poemas\u201d y \u201cAfuera el sol estalla\u201d<\/strong><\/p>\n<p><span style=\"font-weight: 400;\">La muerte de mi pap\u00e1 me dej\u00f3 seca de palabras. En los dos \u00e1lbumes que siguieron encuentro en com\u00fan, entre otras cosas, que necesit\u00e9 tomarlas prestadas: de poetas, y de compositores y compositoras de mi ecosistema musical.<\/span><\/p>\n<p><span style=\"font-weight: 400;\">\u201cTres poemas\u201d (2017) es un EP de tres canciones\/ poemas musicalizados y la primera colaboraci\u00f3n creativa con Guli (Agust\u00edn Bucich), uno de los m\u00fasicos que m\u00e1s admiro y de quien m\u00e1s he aprendido por su manera de encarar la creaci\u00f3n y la producci\u00f3n. \u201cTres Poemas\u201d tambi\u00e9n existe en forma de un cortometraje co-escrito junto a Josefina Chevalier, que filmamos en C\u00f3rdoba bajo la direcci\u00f3n de Mar\u00eda Aparicio. Este proyecto cont\u00f3 con la participaci\u00f3n de un equipo espectacular de mujeres artistas en cada uno de los aspectos de su realizaci\u00f3n, desde las actuaciones de Gabriela Beltramino y de la pintora Hilda Zagaglia, pasando por la realizaci\u00f3n de vestuario de Flor Dacal , el arte de tapa de Luli Adano, y las voces de m\u00e1s de diez amigas-colegas cantantes en la primera canci\u00f3n, <\/span><i><span style=\"font-weight: 400;\">Dice la voz de la lluvia<\/span><\/i><span style=\"font-weight: 400;\"> (poema de Circe Maia).\u00a0<\/span><\/p>\n<p><b>\u00a0<a style=\"color: #ffffff; text-decoration: underline;\" href=\"https:\/\/www.youtube.com\/watch?v=X8MGYnP8mGY&amp;ab_channel=ElefanteenlaHabitaci%C3%B3n%21\" target=\"_blank\" rel=\"noopener\">Tres Poemas EP (2017)<\/a>\u00a0| <a style=\"color: #ffffff; text-decoration: underline;\" href=\"https:\/\/youtu.be\/ntsJkC1myXE\" target=\"_blank\" rel=\"noopener\">Las voces de la lluvia (teaser Tres Poemas EP)<\/a>\u00a0| <a style=\"color: #ffffff; text-decoration: underline;\" href=\"https:\/\/musicmap.global\/article\/maria-pien-interview-argentina%20\" target=\"_blank\" rel=\"noopener\">Entrevista en MusicMap<\/a><\/b><\/p>\n<p><span style=\"font-weight: 400;\">\u201cAfuera el sol estalla\u201d (2018) es un disco de versiones de otras autoras y autores que quiero mucho, nuevamente con Guli como co-productor. Lo grabamos en la que en ese momento era nuestra casa devenida estudio de grabaci\u00f3n, La Alfombra M\u00e1gica, en el barrio de N\u00fa\u00f1ez. Nos propusimos que, adem\u00e1s de dar cuenta de la tarea de versionar que ya ven\u00eda abordando, <\/span><i><span style=\"font-weight: 400;\">AESE<\/span><\/i><span style=\"font-weight: 400;\"> pudiera invitar al oyente a viajar hacia otro tiempo: \u201cencontraste unas cintas misteriosas en el s\u00f3tano de la casa de tus viejos y, al reproducirlas, suena esto\u201d. Tomando como referencia el eclecticismo un poco ca\u00f3tico del \u00c1lbum Blanco, intentamos hacer convivir a las canciones en su propio microcosmos de sentido.<\/span><\/p>\n<p><strong><b>\u00a0<a style=\"color: #ffffff; text-decoration: underline;\" href=\"https:\/\/youtu.be\/S6M1-LNSJKE\" target=\"_blank\" rel=\"noopener\">Video &#8220;Hermanos&#8221; (Botis) <\/a>\u00a0| <a style=\"color: #ffffff; text-decoration: underline;\" href=\"https:\/\/youtu.be\/v3nHNERi_24\" target=\"_blank\" rel=\"noopener\">Afuera el Sol Estalla: Bonus Trax (video oficial)<\/a>\u00a0| <a style=\"color: #ffffff; text-decoration: underline;\" href=\"https:\/\/www.zonadeobras.com\/apuestas\/2019\/01\/29\/maria-pien-afuera-el-sol-estalla\/\" target=\"_blank\" rel=\"noopener\">Rese\u00f1a en Zona de Obras<\/a>\u00a0| <a style=\"color: #ffffff; text-decoration: underline;\" href=\"https:\/\/indiehoy.com\/noticias\/maria-pien-homenajea-la-escena-argentina-actual-nuevo-disco-afuera-sol-estalla\/\" target=\"_blank\" rel=\"noopener\">Rese\u00f1a en IndieHoy<\/a>\u00a0| <a style=\"color: #ffffff; text-decoration: underline;\" href=\"https:\/\/billboard.com.ar\/maria-pien-elegi-confiar-en-aquello-que-me-conmueve\/%20\" target=\"_blank\" rel=\"noopener\">Entrevista en Billboard<\/a><\/b><\/strong><\/p>\n<p><strong style=\"font-size: 18px;\"><b>Ruise\u00f1ora<\/b><\/strong><\/p>\n<p><span style=\"font-weight: 400;\">Entre 2017 y 2018, sostuvimos un proceso creativo con Lu Pivetta, amiga compositora y bajista, que consist\u00eda en juntarnos todos los viernes a componer y compartir inspiraciones como \u00fanico objetivo. Fruto de esos encuentros salieron la mayor\u00eda de las canciones de \u201cViaje al centro de la selva el\u00e9ctrica\u201d, editado en 2019 por el sello Goza Records, y el taller de canciones <\/span><i><span style=\"font-weight: 400;\">La VOS Cantante<\/span><\/i><span style=\"font-weight: 400;\">. Durante ese a\u00f1o, formamos una banda para salir a tocar el disco; se sumaron Natalia Spiner en guitarra y coros y Melanie Williams en bater\u00eda. En 2020, una semana antes de la cuarentena obligatoria, con Nati y Lu compusimos una serie de canciones de las cuales s\u00f3lo una vio la luz: \u201cTanta data\u201d, que sali\u00f3 como single en 2021. Este a\u00f1o va a salir una m\u00e1s de esa camada, O.V.N.I., que forma parte del compilado espa\u00f1ol <\/span><i><span style=\"font-weight: 400;\">Hits with Tits vol.9<\/span><\/i><span style=\"font-weight: 400;\">, a editarse pr\u00f3ximamente en vinilo.\u00a0\u00a0<\/span><\/p>\n<p><b><a style=\"color: #ffffff; text-decoration: underline;\" href=\"https:\/\/youtu.be\/yVe3iTTDIR0\" target=\"_blank\" rel=\"noopener\">Ruise\u00f1ora &#8211; Viaje al centro de la selva el\u00e9ctrica (Full album, 2019)<\/a>\u00a0| <a style=\"color: #ffffff; text-decoration: underline;\" href=\"https:\/\/hitswithtits.com\/artist\/ruisenora\/%20\" target=\"_blank\" rel=\"noopener\">Compilado Hits With Tits<\/a><\/b><\/p>\n<p><b style=\"font-size: 18px;\">Desde <strong style=\"font-size: 18px;\">\u201cUna pel\u00edcula\u201d<\/strong> hasta hoy<\/b><\/p>\n<p><span style=\"font-weight: 400;\">En 2020, en los primeros meses de la pandemia, grab\u00e9 \u201cUna pel\u00edcula\u201d, canci\u00f3n que sali\u00f3 acompa\u00f1ada de un microcosmos de inspiraciones y crudezas, incluyendo los audios que grab\u00e9 en el celular cuando la compuse a fines de 2019. Durante la pandemia me invitaron a participar en el ciclo de compositoras \u201cUn mapa\u201d en el Auditorio Nacional del CCK, en el que pude tocarla en vivo en el extra\u00f1o contexto de una Ballena vac\u00eda.\u00a0<\/span><\/p>\n<p><span style=\"font-weight: 400;\"><b><a style=\"color: #ffffff; text-decoration: underline;\" href=\"https:\/\/www.youtube.com\/watch?v=mM8RtcAkLYo&amp;feature=youtu.be&amp;ab_channel=CentroCulturalKirchner\" target=\"_blank\" rel=\"noopener\">\u201cUna pel\u00edcula\u201d en vivo en el CCK <\/a>\u00a0| <a style=\"color: #ffffff; text-decoration: underline;\" href=\"https:\/\/www.pagina12.com.ar\/297001-maria-pien-mas-alla-de-las-costuras-de-las-canciones\" target=\"_blank\" rel=\"noopener\">Entrevista en P\u00e1gina12<\/a><\/b><\/span><\/p>\n<p><span style=\"font-weight: 400;\">Aprovechando el parate de actividades fuera de casa, emprend\u00ed la tarea de retomar un cuerpo de canciones y escritos que en su mayor\u00eda -con algunas excepciones como \u201cUn minuto\u201d- hab\u00eda dejado guardados sin tocar o sin terminar desde la muerte de mi viejo. El proyecto, que empez\u00f3 como un rescate de esas canciones y una manera de contar mi historia en relaci\u00f3n a su muerte, con el correr de los meses se fue transformando en una investigaci\u00f3n m\u00e1s abarcativa en torno a los temas de la memoria\/ el olvido, la herencia de los ancestros y lo que hacemos con ella, sus huellas -que recibimos en forma de fotos, dibujos, objetos y palabras-, el duelo y los ritos de muerte y nacimiento, la repetici\u00f3n\/ disco rayado\/ misma piedra, y las preguntas: \u00bfhay movimientos posibles para dejar de repetir lo que ya no funciona, a la misma vez que honramos la memoria heredada?, y \u00bfc\u00f3mo son esos movimientos?\u00a0<\/span><\/p>\n<p><span style=\"font-weight: 400;\">Desde ese momento, el disco fue creciendo y tambi\u00e9n mutando: pas\u00f3 de ser un solo volumen bastante largo a ser dos \u00e1lbumes, hermanados en tem\u00e1tica y est\u00e9tica, tambi\u00e9n muy diferentes, como buenos hermanos. El primero, \u201cRecordar\/ Volver a pasar\u201d, est\u00e1 siendo publicado en estos d\u00edas. El segundo cap\u00edtulo, \u201cBotas rojas\u201d, a\u00fan no tiene fecha de publicaci\u00f3n.\u00a0<\/span><\/p>\n<p><strong style=\"font-size: 18px;\">Otros proyectos: productora musical y guitarrista\/ corista<\/strong><\/p>\n<p><span style=\"font-weight: 400;\">En 2016 comenc\u00e9 un camino paralelo como sesionista, principalmente como guitarrista r\u00edtmica y corista, tocando canciones de otres. Ese camino empez\u00f3 con la formaci\u00f3n de la banda GULI, de la que fui parte desde 2016 hasta 2021. Desde ese a\u00f1o hasta comienzos de 2023 fui parte del Cabloide, la banda de Melanie Williams, y he tocado como guitarrista, corista, bajista y\/o percusionista, en sus bandas estables o en ocasiones especiales, junto a Feli Colina, Natalie Perez, Andrea Echeverri y Barbi Recanati.<\/span><\/p>\n<p><span style=\"font-weight: 400;\">En 2019, con la experiencia de haber coproducido mi propia m\u00fasica durante a\u00f1os,\u00a0 comenc\u00e9 a trabajar como productora\/ arregladora en colaboraci\u00f3n con otras compositoras. Produje<\/span>\u00a0<span style=\"text-decoration: underline;\"><strong><a style=\"color: #ffffff; text-decoration: underline;\" href=\"https:\/\/emiliamolina.com.ar\/musica\/\" target=\"_blank\" rel=\"noopener\">\u201cCanciones sobre vivientes\u201d<\/a><\/strong><\/span>\u00a0de Emilia Molina (2020), las canciones <span style=\"text-decoration: underline;\"><strong><a style=\"color: #ffffff; text-decoration: underline;\" href=\"https:\/\/youtu.be\/18cS8tRPNPc\" target=\"_blank\" rel=\"noopener\">\u201c\u00c1nima\u201d<\/a><\/strong><\/span> y <span style=\"text-decoration: underline;\"><strong><a style=\"color: #ffffff; text-decoration: underline;\" href=\"https:\/\/youtu.be\/86Evj4ocGKg\" target=\"_blank\" rel=\"noopener\">\u201cMuselina\u201d<\/a><\/strong><\/span> de Bela Zugasti (2021) y el EP <span style=\"text-decoration: underline;\"><strong><a style=\"color: #ffffff; text-decoration: underline;\" href=\"https:\/\/youtube.com\/playlist?list=OLAK5uy_kEqxg75dn-IeykludKFbTfP2nIjQl6e_M\" target=\"_blank\" rel=\"noopener\">\u201cNost\u00e1lgico Bailable\u201d<\/a><\/strong><\/span> de Jaz Pimentel (2022).<\/p>\n<\/div>\n<\/div>\n<p>[\/et_pb_text][\/et_pb_column][\/et_pb_row][\/et_pb_section]<\/p>\n","protected":false},"excerpt":{"rendered":"<p>Intro Nac\u00ed en la ciudad de Buenos Aires el viernes 24 de enero de 1986, un d\u00eda de paro general en el que, dada la ausencia del personal en el sanatorio Otamendi, mi mam\u00e1 y mi pap\u00e1 cenaron helado de chocolate amargo, frutilla al agua y sambay\u00f3n.\u00a0 Desde que aprend\u00ed a hablar cuento historias, para [&hellip;]<\/p>\n","protected":false},"author":1,"featured_media":0,"parent":0,"menu_order":0,"comment_status":"closed","ping_status":"closed","template":"","meta":{"_et_pb_use_builder":"on","_et_pb_old_content":"","_et_gb_content_width":""},"_links":{"self":[{"href":"https:\/\/mariapien.com.ar\/index.php\/wp-json\/wp\/v2\/pages\/203"}],"collection":[{"href":"https:\/\/mariapien.com.ar\/index.php\/wp-json\/wp\/v2\/pages"}],"about":[{"href":"https:\/\/mariapien.com.ar\/index.php\/wp-json\/wp\/v2\/types\/page"}],"author":[{"embeddable":true,"href":"https:\/\/mariapien.com.ar\/index.php\/wp-json\/wp\/v2\/users\/1"}],"replies":[{"embeddable":true,"href":"https:\/\/mariapien.com.ar\/index.php\/wp-json\/wp\/v2\/comments?post=203"}],"version-history":[{"count":13,"href":"https:\/\/mariapien.com.ar\/index.php\/wp-json\/wp\/v2\/pages\/203\/revisions"}],"predecessor-version":[{"id":456,"href":"https:\/\/mariapien.com.ar\/index.php\/wp-json\/wp\/v2\/pages\/203\/revisions\/456"}],"wp:attachment":[{"href":"https:\/\/mariapien.com.ar\/index.php\/wp-json\/wp\/v2\/media?parent=203"}],"curies":[{"name":"wp","href":"https:\/\/api.w.org\/{rel}","templated":true}]}}