{"id":317,"date":"2023-04-20T03:18:28","date_gmt":"2023-04-20T03:18:28","guid":{"rendered":"https:\/\/mariapien.com.ar\/?page_id=317"},"modified":"2026-03-31T21:36:43","modified_gmt":"2026-04-01T00:36:43","slug":"talleres","status":"publish","type":"page","link":"https:\/\/mariapien.com.ar\/index.php\/talleres\/","title":{"rendered":"Talleres"},"content":{"rendered":"<p>[et_pb_section fb_built=&#8221;1&#8243; _builder_version=&#8221;4.18.0&#8243; _module_preset=&#8221;default&#8221; da_disable_devices=&#8221;off|off|off&#8221; collapsed=&#8221;off&#8221; global_colors_info=&#8221;{}&#8221; da_is_popup=&#8221;off&#8221; da_exit_intent=&#8221;off&#8221; da_has_close=&#8221;on&#8221; da_alt_close=&#8221;off&#8221; da_dark_close=&#8221;off&#8221; da_not_modal=&#8221;on&#8221; da_is_singular=&#8221;off&#8221; da_with_loader=&#8221;off&#8221; da_has_shadow=&#8221;on&#8221;][et_pb_row _builder_version=&#8221;4.18.0&#8243; _module_preset=&#8221;default&#8221; min_height=&#8221;116px&#8221; custom_margin=&#8221;17px|auto||auto||&#8221; custom_padding=&#8221;0px||0px|||&#8221; global_colors_info=&#8221;{}&#8221;][et_pb_column type=&#8221;4_4&#8243; _builder_version=&#8221;4.18.0&#8243; _module_preset=&#8221;default&#8221; global_colors_info=&#8221;{}&#8221;][et_pb_text admin_label=&#8221;Texto&#8221; _builder_version=&#8221;4.18.0&#8243; _module_preset=&#8221;default&#8221; text_font=&#8221;EB Garamond||||||||&#8221; text_text_color=&#8221;#0C71C3&#8243; text_font_size=&#8221;38px&#8221; text_line_height=&#8221;1.8em&#8221; inline_fonts=&#8221;Aldrich,Calligraffitti,Abhaya Libre&#8221; global_colors_info=&#8221;{}&#8221;]<\/p>\n<h4><span style=\"color: #164d76;\"><span style=\"font-size: x-large; font-family: Calligraffitti; font-weight: normal;\">,\u00a0 \u00a0 \u00a0 \u00a0 \u00a0 \u00a0 \u00a0 \u00a0 \u00a0 \u00a0 \u00a0 \u00a0 \u00a0 \u00a0 \u00a0 \u00a0 \u00a0 \u00a0 \u00a0 \u00a0 \u00a0 \u00a0 \u00a0 \u00a0 \u00a0 \u00a0 \u00a0 \u00a0 \u00a0 \u00a0 \u00a0 \u00a0 \u00a0 \u00a0 \u00a0 \u00a0 \u00a0 \u00a0 \u00a0 \u00a0 \u00a0 \u00a0 \u00a0 \u00a0 \u00a0 \u00a0 \u00a0 \u00a0 \u00a0 \u00a0 \u02d7\u02cf\u02cb \u2605 \u02ce\u02ca\u02d7<\/span><\/span><\/h4>\n<h1 style=\"text-align: center;\"><span style=\"color: #164d76; font-size: xx-large;\"><em>A la luz de la estrella\u00a0<\/em><\/span><strong><\/strong><\/h1>\n<p><strong><\/strong><\/p>\n<h1 style=\"text-align: center;\"><span style=\"font-family: inherit; font-weight: normal; font-size: x-large;\">taller de composici\u00f3n y reflexi\u00f3n en torno a la canci\u00f3n<\/span><\/h1>\n<p>[\/et_pb_text][\/et_pb_column][\/et_pb_row][et_pb_row _builder_version=&#8221;4.18.0&#8243; _module_preset=&#8221;default&#8221; module_alignment=&#8221;center&#8221; custom_margin=&#8221;|auto||154px||&#8221; global_colors_info=&#8221;{}&#8221;][et_pb_column type=&#8221;4_4&#8243; _builder_version=&#8221;4.18.0&#8243; _module_preset=&#8221;default&#8221; global_colors_info=&#8221;{}&#8221;][et_pb_text admin_label=&#8221;Texto&#8221; _builder_version=&#8221;4.18.0&#8243; _module_preset=&#8221;default&#8221; text_font=&#8221;EB Garamond||||||||&#8221; text_text_color=&#8221;#164d76&#8243; text_font_size=&#8221;22px&#8221; text_line_height=&#8221;1.8em&#8221; link_font=&#8221;||||on||||&#8221; link_text_color=&#8221;#0e28ef&#8221; custom_padding=&#8221;||0px|||&#8221; link_option_url_new_window=&#8221;on&#8221; global_colors_info=&#8221;{}&#8221;]<\/p>\n<p><em><b>ALL DLE\u00a0<\/b><\/em><span style=\"font-weight: 400;\">es un espacio creativo semanal, grupal y virtual, orientado a <strong>revitalizar los procesos que alimentan la pr\u00e1ctica de hacer canciones<\/strong>. Este taller puede ser aprovechado tanto por quienes est\u00e1n empezando a componer y andan en busca de m\u00e1s herramientas y puntas de ovillo posibles, como por cancionistas con experiencia que deseen refrescar sus caminos creativos y compartir con personas afines. <\/span><\/p>\n<p><span style=\"font-weight: 400;\"><em>\u00bfQu\u00e9 hacemos en los encuentros?<\/em> \u2013 Escuchamos m\u00fasica, analizamos letras de canciones, leemos poes\u00eda, escuchamos las voces de artistas que nos inspiran, vemos dibujos animados, charlamos, senti-pensamos&#8230; y tambi\u00e9n ponemos en uso herramientas pr\u00e1cticas y concretas de composici\u00f3n. <\/span><\/p>\n<p><span style=\"font-weight: 400;\">El taller dura tres meses y abre peri\u00f3dicamente de manera estacional, en torno a los equinoccios y solsticios. Este oto\u00f1o compartiremos <b>12 encuentros de 3h cada uno<\/b>, en los que abordamos diferentes propuestas e inspiraciones <\/span><i><span style=\"font-weight: 400;\">a la luz de la estrella<\/span><\/i><span style=\"font-weight: 400;\">:\u00a0<\/span><\/p>\n<p><span style=\"font-weight: 400;\"><img decoding=\"async\" loading=\"lazy\" src=\"https:\/\/mariapien.com.ar\/wp-content\/uploads\/2023\/12\/Captura-de-Pantalla-2023-12-09-a-las-21.30.50.png\" width=\"587\" height=\"295\" alt=\"\" class=\"wp-image-448 aligncenter size-full\" srcset=\"https:\/\/mariapien.com.ar\/wp-content\/uploads\/2023\/12\/Captura-de-Pantalla-2023-12-09-a-las-21.30.50.png 587w, https:\/\/mariapien.com.ar\/wp-content\/uploads\/2023\/12\/Captura-de-Pantalla-2023-12-09-a-las-21.30.50-480x241.png 480w\" sizes=\"(min-width: 0px) and (max-width: 480px) 480px, (min-width: 481px) 587px, 100vw\" \/><\/span><\/p>\n<p><a href=\"https:\/\/drive.google.com\/file\/d\/1eMiQ2p0pazx0GwVhHtjZ8fT5fcL1PWyV\/view?usp=sharing\" target=\"_blank\" rel=\"noopener\">Ac\u00e1 pod\u00e9s leer toda la info acerca de la propuesta<\/a>.\u00a0Si luego de haber le\u00eddo ten\u00e9s alguna consulta, no dudes en escribirme a <span translate=\"no\" class=\"qu\" role=\"gridcell\" tabindex=\"-1\"><span class=\"go\"><a href=\"mailto:alaluzdelaestrella.taller@gmail.com\">alaluzdelaestrella.taller@gmail.com<\/a><span aria-hidden=\"true\">.\u00a0<\/span><\/span><\/span><\/p>\n<p><strong>Los grupos de <span style=\"color: #dd3b00;\">oto\u00f1o 2026<\/span> comienzan el mi\u00e9rcoles 8\/ jueves 9 de abril, y terminan la \u00faltima semana de junio. Para confirmar la inscripci\u00f3n es necesario completar <a href=\"https:\/\/forms.gle\/TDbpy6RosH2zHsB4A\" target=\"_blank\" rel=\"noopener\">este formulario<\/a>.\u00a0<\/strong><\/p>\n<p>[\/et_pb_text][et_pb_text _builder_version=&#8221;4.18.0&#8243; _module_preset=&#8221;default&#8221; min_height=&#8221;57.2px&#8221; custom_padding=&#8221;0px|||||&#8221; global_colors_info=&#8221;{}&#8221;]<\/p>\n<p style=\"text-align: center;\"><img decoding=\"async\" loading=\"lazy\" src=\"https:\/\/mariapien.com.ar\/wp-content\/uploads\/2023\/04\/EditorialCanciones-Album2023-v4-05.png\" width=\"56\" height=\"68\" alt=\"\" class=\"wp-image-265 alignnone size-full\" \/><\/p>\n<p>[\/et_pb_text][\/et_pb_column][\/et_pb_row][et_pb_row column_structure=&#8221;1_2,1_2&#8243; disabled_on=&#8221;off|off|off&#8221; _builder_version=&#8221;4.18.0&#8243; _module_preset=&#8221;default&#8221; custom_padding=&#8221;18px|||||&#8221; global_colors_info=&#8221;{}&#8221;][et_pb_column type=&#8221;1_2&#8243; _builder_version=&#8221;4.18.0&#8243; _module_preset=&#8221;default&#8221; global_colors_info=&#8221;{}&#8221;][et_pb_text _builder_version=&#8221;4.18.0&#8243; _module_preset=&#8221;default&#8221; text_font=&#8221;||||||||&#8221; custom_padding=&#8221;4px||0px|||&#8221; link_option_url_new_window=&#8221;on&#8221; inline_fonts=&#8221;Andika,Aclonica,Almarai&#8221; global_colors_info=&#8221;{}&#8221;]<\/p>\n<p><em style=\"color: #00843b; font-size: x-large;\">Amiga Guitarra<\/em><span style=\"color: #00843b; font-size: x-large;\">: abierta la inscripci\u00f3n para el primer cuatrimestre 2026<\/span><\/p>\n<p><span style=\"font-size: x-large;\"><u><\/u><\/span><span style=\"font-size: large; font-family: inherit; font-weight: normal;\"><strong><span style=\"text-decoration: underline; font-size: medium;\">Acerca de <em>Amiga Guitarra<\/em>:<\/span><span style=\"text-decoration: underline;\"><\/span><\/strong><\/span><\/p>\n<p><span style=\"font-size: medium;\">Es un <strong>taller grupal<\/strong> cuyo objetivo es que cada persona pueda profundizar en la comprensi\u00f3n de la guitarra como instrumento, es decir: como medio y canal de expresi\u00f3n creativa. Para eso, abordaremos distintas t\u00e9cnicas y ejercicios para ambas manos, y veremos conceptos fundamentales de la teor\u00eda musical aplicada a la guitarra. Los encuentros son virtuales a trav\u00e9s de Google Meet, una vez por semana. El programa tiene una duraci\u00f3n de <strong>cuatro meses, <\/strong>en los que compartiremos <strong>tres clases te\u00f3rico-pr\u00e1cticas grupales <\/strong>+<strong> un encuentro grupal de pr\u00e1ctica y revisi\u00f3n de dudas<\/strong> por mes.<\/span><\/p>\n<p><span style=\"text-decoration: underline;\"><span style=\"font-size: medium;\"><span class=\"s1\">Este taller est\u00e1 pensado para<\/span>:<\/span><\/span><\/p>\n<ul>\n<li class=\"p1\" style=\"text-align: left;\"><span style=\"font-size: medium;\">quienes ya tienen un v\u00ednculo con la guitarra y quieren atravesar la frontera de los queridos <em>acordes de fog\u00f3n<\/em>;<\/span><\/li>\n<li class=\"p1\"><span style=\"font-size: medium;\">&#8220;falsxs principiantes&#8221; que quieran armarse de una base firme para ganar autonom\u00eda en el estudio;<\/span><\/li>\n<li class=\"p1\"><span style=\"font-size: medium;\">personas que tocan espor\u00e1dicamente desde hace a\u00f1os, y que hoy tienen el deseo y el tiempo de comprometerse m\u00e1s;<\/span><\/li>\n<li class=\"p1\"><span style=\"font-size: medium;\">personas que tocan y componen con regularidad sin entender del todo lo que hacen, y quieren darle un marco te\u00f3rico a sus pr\u00e1cticas.<\/span><\/li>\n<\/ul>\n<p><span style=\"font-size: medium;\">En resumen, para aprovechar este taller hace falta tener una guitarra (criolla, ac\u00fastica o el\u00e9ctrica) en buen estado para que practicar sea posible y agradable, saber tocar los acordes C, D, E, G, A (do, re, mi, sol y la) en sus versiones mayor y menor, y tener disponibilidad para comprometerse con un ritmo de pr\u00e1ctica suave -10&#8242; al d\u00eda realmente hace una gran diferencia-. Con eso es suficiente.<\/span><\/p>\n<blockquote>\n<p><span style=\"font-size: large; color: #00568c;\">En <span style=\"text-decoration: underline;\"><span style=\"color: #008eba;\"><a href=\"https:\/\/drive.google.com\/file\/d\/1thIe-DqmqlXIRTSgOEpwbqbXJ3zKyowi\/view?usp=sharing\" style=\"color: #008eba; text-decoration: underline;\">este link<\/a><\/span><\/span> pod\u00e9s leer toda la informaci\u00f3n acerca de la propuesta 2026 (1er cuatrimestre, de marzo a junio). Si despu\u00e9s de haber le\u00eddo ten\u00e9s alguna consulta, no dudes en escribirme por mail a\u00a0 &lt;<a href=\"mailto:amigaguitarra.taller@gmail.com&gt;\" style=\"color: #00568c;\"><span style=\"text-decoration: underline;\">amigaguitarra.taller@gmail.com<\/span>&gt;<\/a>. <\/span><\/p>\n<\/blockquote>\n<p><span style=\"font-size: medium;\">Para confirmar la inscripci\u00f3n es necesario completar <span style=\"text-decoration: underline;\"><a href=\"https:\/\/forms.gle\/eKDZtRoNR9UZRn2B7\">este formulario<\/a><\/span>.\u00a0<\/span><span style=\"font-size: medium; color: #333333;\"><\/span><\/p>\n<p>&nbsp;<\/p>\n<p><span style=\"font-size: medium;\"><\/span><\/p>\n<p><span style=\"font-size: medium;\"><span class=\"s2\"><\/span><\/span><\/p>\n<p>[\/et_pb_text][\/et_pb_column][et_pb_column type=&#8221;1_2&#8243; _builder_version=&#8221;4.18.0&#8243; _module_preset=&#8221;default&#8221; global_colors_info=&#8221;{}&#8221;][et_pb_image src=&#8221;https:\/\/mariapien.com.ar\/wp-content\/uploads\/2024\/06\/joni-mitchell-performs-live-richard-mccaffrey.jpg&#8221; title_text=&#8221;joni-mitchell-performs-live-richard-mccaffrey&#8221; admin_label=&#8221;Joni&#8221; _builder_version=&#8221;4.18.0&#8243; _module_preset=&#8221;default&#8221; background_color=&#8221;RGBA(255,255,255,0)&#8221; box_shadow_style=&#8221;preset2&#8243; box_shadow_horizontal=&#8221;2px&#8221; global_colors_info=&#8221;{}&#8221;][\/et_pb_image][et_pb_text _builder_version=&#8221;4.18.0&#8243; _module_preset=&#8221;default&#8221; global_colors_info=&#8221;{}&#8221;]<\/p>\n<p><em>Joni Mitchell con su telecaster en el <span>Bread and Roses Festival en el Greek Theatre, <br \/>el 4 de octubre de 1980 en Berkeley, California<br \/>(Foto de Richard McCaffrey\/ Michael Ochs Archive\/ Getty Images)<\/span><\/em><\/p>\n<p>[\/et_pb_text][\/et_pb_column][\/et_pb_row][\/et_pb_section]<\/p>\n","protected":false},"excerpt":{"rendered":"<p>,\u00a0 \u00a0 \u00a0 \u00a0 \u00a0 \u00a0 \u00a0 \u00a0 \u00a0 \u00a0 \u00a0 \u00a0 \u00a0 \u00a0 \u00a0 \u00a0 \u00a0 \u00a0 \u00a0 \u00a0 \u00a0 \u00a0 \u00a0 \u00a0 \u00a0 \u00a0 \u00a0 \u00a0 \u00a0 \u00a0 \u00a0 \u00a0 \u00a0 \u00a0 \u00a0 \u00a0 \u00a0 \u00a0 \u00a0 \u00a0 \u00a0 \u00a0 \u00a0 \u00a0 \u00a0 \u00a0 \u00a0 \u00a0 \u00a0 \u00a0 \u02d7\u02cf\u02cb \u2605 \u02ce\u02ca\u02d7 A la [&hellip;]<\/p>\n","protected":false},"author":1,"featured_media":0,"parent":0,"menu_order":0,"comment_status":"closed","ping_status":"closed","template":"","meta":{"_et_pb_use_builder":"on","_et_pb_old_content":"","_et_gb_content_width":""},"_links":{"self":[{"href":"https:\/\/mariapien.com.ar\/index.php\/wp-json\/wp\/v2\/pages\/317"}],"collection":[{"href":"https:\/\/mariapien.com.ar\/index.php\/wp-json\/wp\/v2\/pages"}],"about":[{"href":"https:\/\/mariapien.com.ar\/index.php\/wp-json\/wp\/v2\/types\/page"}],"author":[{"embeddable":true,"href":"https:\/\/mariapien.com.ar\/index.php\/wp-json\/wp\/v2\/users\/1"}],"replies":[{"embeddable":true,"href":"https:\/\/mariapien.com.ar\/index.php\/wp-json\/wp\/v2\/comments?post=317"}],"version-history":[{"count":71,"href":"https:\/\/mariapien.com.ar\/index.php\/wp-json\/wp\/v2\/pages\/317\/revisions"}],"predecessor-version":[{"id":736,"href":"https:\/\/mariapien.com.ar\/index.php\/wp-json\/wp\/v2\/pages\/317\/revisions\/736"}],"wp:attachment":[{"href":"https:\/\/mariapien.com.ar\/index.php\/wp-json\/wp\/v2\/media?parent=317"}],"curies":[{"name":"wp","href":"https:\/\/api.w.org\/{rel}","templated":true}]}}

<p>[et_pb_section fb_built=&#8221;1&#8243; _builder_version=&#8221;4.18.0&#8243; _module_preset=&#8221;default&#8221; da_disable_devices=&#8221;off|off|off&#8221; collapsed=&#8221;off&#8221; global_colors_info=&#8221;{}&#8221; da_is_popup=&#8221;off&#8221; da_exit_intent=&#8221;off&#8221; da_has_close=&#8221;on&#8221; da_alt_close=&#8221;off&#8221; da_dark_close=&#8221;off&#8221; da_not_modal=&#8221;on&#8221; da_is_singular=&#8221;off&#8221; da_with_loader=&#8221;off&#8221; da_has_shadow=&#8221;on&#8221;][et_pb_row _builder_version=&#8221;4.18.0&#8243; _module_preset=&#8221;default&#8221; min_height=&#8221;116px&#8221; custom_margin=&#8221;17px|auto||auto||&#8221; custom_padding=&#8221;0px||0px|||&#8221; global_colors_info=&#8221;{}&#8221;][et_pb_column type=&#8221;4_4&#8243; _builder_version=&#8221;4.18.0&#8243; _module_preset=&#8221;default&#8221; global_colors_info=&#8221;{}&#8221;][et_pb_text admin_label=&#8221;Texto&#8221; _builder_version=&#8221;4.18.0&#8243; _module_preset=&#8221;default&#8221; text_font=&#8221;EB Garamond||||||||&#8221; text_text_color=&#8221;#0C71C3&#8243; text_font_size=&#8221;38px&#8221; text_line_height=&#8221;1.8em&#8221; inline_fonts=&#8221;Aldrich,Calligraffitti,Abhaya Libre&#8221; global_colors_info=&#8221;{}&#8221;]</p>
<h4><span style="color: #164d76;"><span style="font-size: x-large; font-family: Calligraffitti; font-weight: normal;">,                                                                                                    ˗ˏˋ ★ ˎˊ˗</span></span></h4>
<h1 style="text-align: center;"><span style="color: #164d76; font-size: xx-large;"><em>A la luz de la estrella </em></span><strong></strong></h1>
<p><strong></strong></p>
<h1 style="text-align: center;"><span style="font-family: inherit; font-weight: normal; font-size: x-large;">taller de composición y reflexión en torno a la canción</span></h1>
<p>[/et_pb_text][/et_pb_column][/et_pb_row][et_pb_row _builder_version=&#8221;4.18.0&#8243; _module_preset=&#8221;default&#8221; module_alignment=&#8221;center&#8221; custom_margin=&#8221;|auto||154px||&#8221; global_colors_info=&#8221;{}&#8221;][et_pb_column type=&#8221;4_4&#8243; _builder_version=&#8221;4.18.0&#8243; _module_preset=&#8221;default&#8221; global_colors_info=&#8221;{}&#8221;][et_pb_text admin_label=&#8221;Texto&#8221; _builder_version=&#8221;4.18.0&#8243; _module_preset=&#8221;default&#8221; text_font=&#8221;EB Garamond||||||||&#8221; text_text_color=&#8221;#164d76&#8243; text_font_size=&#8221;22px&#8221; text_line_height=&#8221;1.8em&#8221; link_font=&#8221;||||on||||&#8221; link_text_color=&#8221;#0e28ef&#8221; custom_padding=&#8221;||0px|||&#8221; link_option_url_new_window=&#8221;on&#8221; global_colors_info=&#8221;{}&#8221;]</p>
<p><em><b>ALL DLE </b></em><span style="font-weight: 400;">es un espacio creativo semanal, grupal y virtual, orientado a <strong>revitalizar los procesos que alimentan la práctica de hacer canciones</strong>. Este taller puede ser aprovechado tanto por quienes están empezando a componer y andan en busca de más herramientas y puntas de ovillo posibles, como por cancionistas con experiencia que deseen refrescar sus caminos creativos y compartir con personas afines. </span></p>
<p><span style="font-weight: 400;"><em>¿Qué hacemos en los encuentros?</em> – Escuchamos música, analizamos letras de canciones, leemos poesía, escuchamos las voces de artistas que nos inspiran, vemos dibujos animados, charlamos, senti-pensamos&#8230; y también ponemos en uso herramientas prácticas y concretas de composición. </span></p>
<p><span style="font-weight: 400;">El taller dura tres meses y abre periódicamente de manera estacional, en torno a los equinoccios y solsticios. Este otoño compartiremos <b>12 encuentros de 3h cada uno</b>, en los que abordamos diferentes propuestas e inspiraciones </span><i><span style="font-weight: 400;">a la luz de la estrella</span></i><span style="font-weight: 400;">: </span></p>
<p><span style="font-weight: 400;"><img decoding="async" loading="lazy" src="https://mariapien.com.ar/wp-content/uploads/2023/12/Captura-de-Pantalla-2023-12-09-a-las-21.30.50.png" width="587" height="295" alt="" class="wp-image-448 aligncenter size-full" srcset="https://mariapien.com.ar/wp-content/uploads/2023/12/Captura-de-Pantalla-2023-12-09-a-las-21.30.50.png 587w, https://mariapien.com.ar/wp-content/uploads/2023/12/Captura-de-Pantalla-2023-12-09-a-las-21.30.50-480x241.png 480w" sizes="(min-width: 0px) and (max-width: 480px) 480px, (min-width: 481px) 587px, 100vw" /></span></p>
<p><a href="https://drive.google.com/file/d/1eMiQ2p0pazx0GwVhHtjZ8fT5fcL1PWyV/view?usp=sharing" target="_blank" rel="noopener">Acá podés leer toda la info acerca de la propuesta</a>. Si luego de haber leído tenés alguna consulta, no dudes en escribirme a <span translate="no" class="qu" role="gridcell" tabindex="-1"><span class="go"><a href="mailto:alaluzdelaestrella.taller@gmail.com">alaluzdelaestrella.taller@gmail.com</a><span aria-hidden="true">. </span></span></span></p>
<p><strong>Los grupos de <span style="color: #dd3b00;">otoño 2026</span> comienzan el miércoles 8/ jueves 9 de abril, y terminan la última semana de junio. Para confirmar la inscripción es necesario completar <a href="https://forms.gle/TDbpy6RosH2zHsB4A" target="_blank" rel="noopener">este formulario</a>. </strong></p>
<p>[/et_pb_text][et_pb_text _builder_version=&#8221;4.18.0&#8243; _module_preset=&#8221;default&#8221; min_height=&#8221;57.2px&#8221; custom_padding=&#8221;0px|||||&#8221; global_colors_info=&#8221;{}&#8221;]</p>
<p style="text-align: center;"><img decoding="async" loading="lazy" src="https://mariapien.com.ar/wp-content/uploads/2023/04/EditorialCanciones-Album2023-v4-05.png" width="56" height="68" alt="" class="wp-image-265 alignnone size-full" /></p>
<p>[/et_pb_text][/et_pb_column][/et_pb_row][et_pb_row column_structure=&#8221;1_2,1_2&#8243; disabled_on=&#8221;off|off|off&#8221; _builder_version=&#8221;4.18.0&#8243; _module_preset=&#8221;default&#8221; custom_padding=&#8221;18px|||||&#8221; global_colors_info=&#8221;{}&#8221;][et_pb_column type=&#8221;1_2&#8243; _builder_version=&#8221;4.18.0&#8243; _module_preset=&#8221;default&#8221; global_colors_info=&#8221;{}&#8221;][et_pb_text _builder_version=&#8221;4.18.0&#8243; _module_preset=&#8221;default&#8221; text_font=&#8221;||||||||&#8221; custom_padding=&#8221;4px||0px|||&#8221; link_option_url_new_window=&#8221;on&#8221; inline_fonts=&#8221;Andika,Aclonica,Almarai&#8221; global_colors_info=&#8221;{}&#8221;]</p>
<p><em style="color: #00843b; font-size: x-large;">Amiga Guitarra</em><span style="color: #00843b; font-size: x-large;">: abierta la inscripción para el primer cuatrimestre 2026</span></p>
<p><span style="font-size: x-large;"><u></u></span><span style="font-size: large; font-family: inherit; font-weight: normal;"><strong><span style="text-decoration: underline; font-size: medium;">Acerca de <em>Amiga Guitarra</em>:</span><span style="text-decoration: underline;"></span></strong></span></p>
<p><span style="font-size: medium;">Es un <strong>taller grupal</strong> cuyo objetivo es que cada persona pueda profundizar en la comprensión de la guitarra como instrumento, es decir: como medio y canal de expresión creativa. Para eso, abordaremos distintas técnicas y ejercicios para ambas manos, y veremos conceptos fundamentales de la teoría musical aplicada a la guitarra. Los encuentros son virtuales a través de Google Meet, una vez por semana. El programa tiene una duración de <strong>cuatro meses, </strong>en los que compartiremos <strong>tres clases teórico-prácticas grupales </strong>+<strong> un encuentro grupal de práctica y revisión de dudas</strong> por mes.</span></p>
<p><span style="text-decoration: underline;"><span style="font-size: medium;"><span class="s1">Este taller está pensado para</span>:</span></span></p>
<ul>
<li class="p1" style="text-align: left;"><span style="font-size: medium;">quienes ya tienen un vínculo con la guitarra y quieren atravesar la frontera de los queridos <em>acordes de fogón</em>;</span></li>
<li class="p1"><span style="font-size: medium;">&#8220;falsxs principiantes&#8221; que quieran armarse de una base firme para ganar autonomía en el estudio;</span></li>
<li class="p1"><span style="font-size: medium;">personas que tocan esporádicamente desde hace años, y que hoy tienen el deseo y el tiempo de comprometerse más;</span></li>
<li class="p1"><span style="font-size: medium;">personas que tocan y componen con regularidad sin entender del todo lo que hacen, y quieren darle un marco teórico a sus prácticas.</span></li>
</ul>
<p><span style="font-size: medium;">En resumen, para aprovechar este taller hace falta tener una guitarra (criolla, acústica o eléctrica) en buen estado para que practicar sea posible y agradable, saber tocar los acordes C, D, E, G, A (do, re, mi, sol y la) en sus versiones mayor y menor, y tener disponibilidad para comprometerse con un ritmo de práctica suave -10&#8242; al día realmente hace una gran diferencia-. Con eso es suficiente.</span></p>
<blockquote>
<p><span style="font-size: large; color: #00568c;">En <span style="text-decoration: underline;"><span style="color: #008eba;"><a href="https://drive.google.com/file/d/1thIe-DqmqlXIRTSgOEpwbqbXJ3zKyowi/view?usp=sharing" style="color: #008eba; text-decoration: underline;">este link</a></span></span> podés leer toda la información acerca de la propuesta 2026 (1er cuatrimestre, de marzo a junio). Si después de haber leído tenés alguna consulta, no dudes en escribirme por mail a  &lt;<a href="mailto:amigaguitarra.taller@gmail.com&gt;" style="color: #00568c;"><span style="text-decoration: underline;">amigaguitarra.taller@gmail.com</span>&gt;</a>. </span></p>
</blockquote>
<p><span style="font-size: medium;">Para confirmar la inscripción es necesario completar <span style="text-decoration: underline;"><a href="https://forms.gle/eKDZtRoNR9UZRn2B7">este formulario</a></span>. </span><span style="font-size: medium; color: #333333;"></span></p>
<p>&nbsp;</p>
<p><span style="font-size: medium;"></span></p>
<p><span style="font-size: medium;"><span class="s2"></span></span></p>
<p>[/et_pb_text][/et_pb_column][et_pb_column type=&#8221;1_2&#8243; _builder_version=&#8221;4.18.0&#8243; _module_preset=&#8221;default&#8221; global_colors_info=&#8221;{}&#8221;][et_pb_image src=&#8221;https://mariapien.com.ar/wp-content/uploads/2024/06/joni-mitchell-performs-live-richard-mccaffrey.jpg&#8221; title_text=&#8221;joni-mitchell-performs-live-richard-mccaffrey&#8221; admin_label=&#8221;Joni&#8221; _builder_version=&#8221;4.18.0&#8243; _module_preset=&#8221;default&#8221; background_color=&#8221;RGBA(255,255,255,0)&#8221; box_shadow_style=&#8221;preset2&#8243; box_shadow_horizontal=&#8221;2px&#8221; global_colors_info=&#8221;{}&#8221;][/et_pb_image][et_pb_text _builder_version=&#8221;4.18.0&#8243; _module_preset=&#8221;default&#8221; global_colors_info=&#8221;{}&#8221;]</p>
<p><em>Joni Mitchell con su telecaster en el <span>Bread and Roses Festival en el Greek Theatre, <br />el 4 de octubre de 1980 en Berkeley, California<br />(Foto de Richard McCaffrey/ Michael Ochs Archive/ Getty Images)</span></em></p>
<p>[/et_pb_text][/et_pb_column][/et_pb_row][/et_pb_section]</p>

<p>,                                                                                                    ˗ˏˋ ★ ˎˊ˗ A la [&hellip;]</p>
